, 31
What are the prime factors of 171731?
7, 24533
List the prime factors of 1557.
3, 173
What are the prime factors of 14191?
23, 617
List the prime factors of 1542.
2, 3, 257
What are the prime factors of 9690?
2, 3, 5, 17, 19
What are the prime factors of 103702?
2, 19, 2729
What are the prime factors of 802?
2, 401
What are the prime factors of 2350?
2, 5, 47
List the prime factors of 2868.
2, 3, 239
List the prime factors of 8972.
2, 2243
List the prime factors of 21667.
47, 461
What are the prime factors of 20057?
31, 647
List the prime factors of 31665.
3, 5, 2111
List the prime factors of 16480.
2, 5, 103
List the prime factors of 5884.
2, 1471
What are the prime factors of 56702?
2, 28351
What are the prime factors of 2724?
2, 3, 227
List the prime factors of 27590.
2, 5, 31, 89
List the prime factors of 76818.
2, 3, 7, 31, 59
List the prime factors of 20595.
3, 5, 1373
What are the prime factors of 42536?
2, 13, 409
What are the prime factors of 22044?
2, 3, 11, 167
What are the prime factors of 932?
2, 233
What are the prime factors of 33665?
5, 6733
What are the prime factors of 69806?
2, 11, 19, 167
What are the prime factors of 6229?
6229
List the prime factors of 8140.
2, 5, 11, 37
What are the prime factors of 1178?
2, 19, 31
List the prime factors of 4791.
3, 1597
List the prime factors of 32809.
7, 43, 109
List the prime factors of 23313.
3, 19, 409
What are the prime factors of 1078?
2, 7, 11
List the prime factors of 339.
3, 113
List the prime factors of 99107.
23, 31, 139
List the prime factors of 21914.
2, 10957
List the prime factors of 10985.
5, 13
List the prime factors of 6360.
2, 3, 5, 53
List the prime factors of 477.
3, 53
List the prime factors of 777.
3, 7, 37
What are the prime factors of 34973?
41, 853
List the prime factors of 106637.
106637
List the prime factors of 3261.
3, 1087
List the prime factors of 65290.
2, 5, 6529
What are the prime factors of 1555?
5, 311
List the prime factors of 2165.
5, 433
List the prime factors of 9577.
61, 157
What are the prime factors of 47596?
2, 73, 163
List the prime factors of 1478.
2, 739
List the prime factors of 38460.
2, 3, 5, 641
List the prime factors of 21524.
2, 5381
What are the prime factors of 15585?
3, 5, 1039
List the prime factors of 4699.
37, 127
What are the prime factors of 4032?
2, 3, 7
List the prime factors of 2892.
2, 3, 241
List the prime factors of 425.
5, 17
List the prime factors of 16519.
16519
List the prime factors of 6063.
3, 43, 47
What are the prime factors of 484?
2, 11
What are the prime factors of 35181?
3, 1303
List the prime factors of 105073.
179, 587
List the prime factors of 15683.
15683
What are the prime factors of 6498?
2, 3, 19
List the prime factors of 148319.
71, 2089
List the prime factors of 20598.
2, 3, 3433
List the prime factors of 38235.
3, 5, 2549
What are the prime factors of 810?
2, 3, 5
What are the prime factors of 77253?
3, 11, 2341
What are the prime factors of 6499?
67, 97
What are the prime factors of 11?
11
What are the prime factors of 23348?
2, 13, 449
What are the prime factors of 96875?
5, 31
List the prime factors of 1825.
5, 73
What are the prime factors of 31322?
2, 15661
What are the prime factors of 12213?
3, 23, 59
List the prime factors of 2046.
2, 3, 11, 31
List the prime factors of 27803.
27803
What are the prime factors of 2117?
29, 73
What are the prime factors of 1955?
5, 17, 23
What are the prime factors of 76?
2, 19
List the prime factors of 27137.
11, 2467
List the prime factors of 30475.
5, 23, 53
What are the prime factors of 1989?
3, 13, 17
List the prime factors of 981.
3, 109
What are the prime factors of 94295?
5, 18859
What are the prime factors of 62739?
3, 6971
What are the prime factors of 2601?
3, 17
List the prime factors of 5530.
2, 5, 7, 79
List the prime factors of 753.
3, 251
List the prime factors of 2644.
2, 661
List the prime factors of 3185.
5, 7, 13
List the prime factors of 1707.
3, 569
What are the prime factors of 3026?
2, 17, 89
List the prime factors of 137263.
7, 19609
What are the prime factors of 1209?
3, 13, 31
List the prime factors of 1666.
2, 7, 17
What are the prime factors of 1000?
2, 5
What are the prime factors of 21562?
2, 10781
List the prime factors of 2980.
2, 5, 149
List the prime factors of 33511.
23, 31, 47
List the prime factors of 37889.
37889
List the prime factors of 83812.
2, 23, 911
What are the prime factors of 743?
743
List the prime factors of 676.
2, 13
What are the prime factors of 36564?
2, 3, 11, 277
What are the prime factors of 9018?
2, 3, 167
What are the prime factors of 1503?
3, 167
List the prime factors of 688.
2, 43
What are the prime factors of 1525?
5, 61
What are the prime factors of 634?
2, 317
List the prime factors of 6626.
2, 3313
List the prime factors of 1826.
2, 11, 83
List the prime factors of 82944.
2, 3
What are the prime factors of 46748?
2, 13, 29, 31
What are the prime factors of 10725?
3, 5, 11, 13
What are the prime factors of 841?
29
What are the prime factors of 1522?
2, 761
List the prime factors of 958.
2, 479
List the prime factors of 199.
199
List the prime factors of 33144.
2, 3, 1381
What are the prime factors of 7480?
2, 5, 11, 17
What are the prime factors of 66656?
2, 2083
List the prime factors of 105291.
3, 11699
List the prime factors of 45119.
45119
What are the prime factors of 36697?
36697
What are the prime factors of 480?
2, 3, 5
What are the prime factors of 293?
293
What are the prime factors of 285?
3, 5, 19
List the prime factors of 29635.
5, 5927
List the prime factors of 1343.
17, 79
List the prime factors of 6408.
2, 3, 89
What are the prime factors of 2854?
2, 1427
List the prime factors of 344.
2, 43
List the prime factors of 103.
103
What are the prime factors of 7482?
2, 3, 29, 43
What are the prime factors of 649?
11, 59
List the prime factors of 5491.
17, 19
List the prime factors of 8358.
2, 3, 7, 199
List the prime factors of 18988.
2, 47, 101
What are the prime factors of 272?
2, 17
What are the prime factors of 4585?
5, 7, 131
What are the prime factors of 780?
2, 3, 5, 13
List the prime factors of 7628.
2, 1907
List the prime factors of 1163.
1163
List the prime factors of 8924.
2, 23, 97
What are the prime factors of 54527?
11, 4957
List the prime factors of 54799.
54799
What are the prime factors of 824?
2, 103
List the prime factors of 13118.
2, 7, 937
What are the prime factors of 40706?
2, 20353
List the prime factors of 45397.
11, 4127
List the prime factors of 27828.
2, 3, 773
List the prime factors of 7853.
7853
What are the prime factors of 1343?
17, 79
List the prime factors of 11332.
2, 2833
List the prime factors of 42707.
7, 6101
What are the prime factors of 52680?
2, 3, 5, 439
List the prime factors of 3241.
7, 463
List the prime factors of 101473.
17, 47, 127
List the prime factors of 62906.
2, 71, 443
List the prime factors of 4859.
43, 113
What are the prime factors of 448?
2, 7
List the prime factors of 5875.
5, 47
List the prime factors of 78856.
2, 9857
What are the prime factors of 2002?
2, 7, 11, 13
What are the prime factors of 120858?
2, 3, 20143
What are the prime factors of 838?
2, 419
List the prime factors of 2519.
11, 229
List the prime factors of 7035.
3, 5, 7, 67
What are the prime factors of 37192?
2, 4649
What are the prime factors of 637?
7, 13
List the prime factors of 7958.
2, 23, 173
List the prime factors of 7798.
2, 7, 557
What are the prime factors of 795?
3, 5, 53
List the prime factors of 115774.
2, 107, 541
What are the prime factors of 34859?
11, 3169
List the prime factors of 1661.
11, 151
What are the prime factors of 5769?
3, 641
What are the prime factors of 82272?
2, 3, 857
What are the prime factors of 2211?
3, 11, 67
List the prime factors of 36577.
79, 463
List the prime factors of 3707.
11, 337
List the prime factors of 80832.
2, 3, 421
List the prime factors of 55457.
55457
List the prime factors of 751.
751
List the prime factors of 1425.
3, 5, 19
What are the prime factors of 1139?
17, 67
List the prime factors of 1316.
2, 7, 47
List the prime factors of 8246.
2, 7, 19, 31
What are the prime factors of 28451?
23, 1237
What are the prime factors of 77672?
2, 7, 19, 73
List the prime factors of 74965.
5, 11, 29, 47